q - 3712. Let p(a) = -7*a**2 - 3*a - 1237. Let v(h) = -6*k(h) + 17*p(h). Is v(0) a composite number?
True
Suppose 121*a - 3637628 = 3074021 - 1283468. Is a prime?
False
Let r(i) = 4112*i**3 - i**2 - 271*i + 1363. Is r(5) composite?
True
Let l be 795*(-246)/(-9) + -6. Suppose -2*b = 6146 - l. Is b prime?
True
Let f(q) = -4*q**3 - 8*q**2 - 55*q + 22. Let c(k) = 21*k**3 + 40*k**2 + 276*k - 108. Let h(j) = 2*c(j) + 11*f(j). Is h(-19) composite?
False
Let p(k) = 9*k**3 - 6*k**2 - 8. Let x be (-42)/8 + (-4)/(-48)*3. Let u be 6/(-10) - 1/(x/28). Is p(u) prime?
True
Let f be (75/(-5) - 0)/(-3). Is f/20 - 54015/(-20) composite?
True
Let q(p) = 25*p**2 - 349 - 76*p + 339 + 14*p**2. Is q(12) prime?
False
Let i(d) = 4*d + 1. Let y(h) = -5*h + 16. Let m be y(3). Let p be i(m). Suppose b = j - 2336, p*j + 3*b - b - 11659 = 0. Is j prime?
True
Let w(l) = 478*l**2 + 1904*l + 5. Is w(-19) a composite number?
True
Suppose 2*t = -l + 2, 0 = l + 2*l + 2*t - 18. Suppose 11*i + l*i = 38342. Is i prime?
False
Let c(n) = 4*n - 8*n**2 - n + 11*n**2 - 2 + 0*n. Let b be c(17). Suppose 112 + b = 4*v. Is v a composite number?
False
Is 6/(-14) - (-1978)/483*18579 a prime number?
False
Suppose 0 = -11*f + 15*f - 20. Suppose -f*d = -12*d + 21. Suppose -5*h - 4*m + 9341 = 0, -d*m + 5*m - 3738 = -2*h. Is h prime?
False
Let m = 279416 - -92807. Is m a prime number?
True
Suppose -56899 = -17*c + 27064. Let g = c - 2018. Is g prime?
False
Let y = 1470 + -640. Let g = y + -411. Is g a prime number?
True
Suppose 3*s = 4*s - 5*b + 37, -4*s = -2*b + 130. Is 1481*4 + (-35 - s) composite?
True
Is 2463988/(-7 + -3 - -14) prime?
True
Suppose -361*o = -802893990 - 38645023. Is o a composite number?
True
Let c be ((-8)/(-20))/((-2)/(-20)). Let q be (c/2 + 6)*-4. Let u = 109 + q. Is u composite?
True
Suppose 69 = -3*y - 3*m, 10 = 4*y - 3*m + 109. Let t = 10 + y. Is (-4207)/t - (-3)/(-2) a composite number?
True
Let r = -74 - -115. Let i = 44 - r. Suppose 255 = i*h - 4944. Is h composite?
False
Let t(a) = -4*a + 75*a + 5 + 26 - 13*a. Let r be t(17). Let f = 2578 - r. Is f prime?
False
Suppose 6*q - 332 - 6622 = 0. Suppose 5*x - q = 2311. Suppose 3*t - x = 263. Is t composite?
True
Let q(a) = 21*a**2 - 13 - a + 90*a**3 + 86*a**3 - 177*a**3. Is q(-6) a composite number?
True
Let s(d) be the second derivative of -7*d**5/20 + 7*d**4/12 - 4*d**3 + 17*d**2/2 - 18*d - 2. Is s(-9) composite?
False
Is (-19636)/16*((-13 - -20) + -11) a composite number?
False
Let t(a) = 90*a**2 + 22*a + 123. Suppose 19*j = -264 - 2. Is t(j) a prime number?
False
Is 748/(-110)*316150/(-60) + (-4)/(-6) prime?
True
Suppose 134*d = 128*d + 51846. Is d a composite number?
False
Suppose 0 = -26*t + 35*t - 36. Suppose -3*x + v + 1232 = 0, -2*x + t*v = -5*x + 1207. Is x a prime number?
True
Let i be (-1)/(4/20*15/(-9)). Suppose -2*q - 76 = -g, -3*q - i*g = 142 - 10. Is ((-1439)/(-5))/((-8)/q) prime?
True
Let d(o) = -20*o**3 - 5*o**2 + 11*o + 23. Let c be d(-9). Suppose -4*u - 2*t + 22615 = -c, -t = 5*u - 45900. Is u prime?
True
Let d(l) = -780*l**3 + 3*l**2 + 4*l - 8. Is d(-5) a composite number?
False
Suppose 4*t - 5 = -3*l, -6*l + l + 14 = t. Suppose -14 = 4*v + 3*v. Is v/l + (-697)/(-51) prime?
True
Suppose 0 = 16*k + 107349 + 82587. Is (2 + k/(-3))/(-4 + 5) prime?
False
Let i be (120/(-6) + 3)/(-1). Suppose 0 = x + 4*l + i, 3*x + 4*l + 9 + 2 = 0. Is x/(3/(-2))*10570/(-20) prime?
False
Is (-10 - 138624)*1/(-2) composite?
False
Let z(q) = 7*q**2 - 44*q - 806. Is z(-21) a prime number?
False
Suppose 13*r = 19*r + 32*r - 1006658. Is r prime?
False
Suppose -72*i = -3342479 - 3462457. Is i prime?
True
Let j(m) be the first derivative of 23*m**4/4 + m**3 + m + 1. Suppose 61*b = 54*b + 58*b - 153. Is j(b) prime?
False
Let q(s) = -s**3 - s**2 - s + 6. Let z be q(0). Suppose -6*o = 2046 + z. Let l = -164 - o. Is l composite?
True
Let k(i) = -1 - 3*i**2 + 2*i + 35*i**3 - 3*i + 79*i**3 - 9*i**3. Let p be k(3). Suppose -4*v + 8*v = p. Is v prime?
True
Let g = 30 - 80. Let b = 52 + g. Suppose -r - 3*n + 9 = -119, 0 = -b*n + 10. Is r prime?
True
Let x = 337 - 333. Suppose -2*f + u + 588 = 0, 0*u = 5*f - x*u - 1473. Is f a prime number?
True
Suppose -7*q + 3*q = -231636 - 239012. Is q a composite number?
True
Suppose -11*t + 812 = 3*t. Is (835/2)/(29/t) a composite number?
True
Let l(v) = -242*v + 16. Let c be l(15). Let r = c - -5619. Is r a composite number?
True
Suppose -406115 = -5*o + 14*a - 12*a, 4*o - 12*a - 324892 = 0. Is o composite?
False
Let a(i) = 11968*i + 743. Is a(6) prime?
True
Let z = 53 + -57. Let w be 770/6 + 2 + z/(-6). Is (4 - (1 - -2))*w a prime number?
True
Is 6/69 - 87/(518908/86500 + -6) composite?
False
Let c(j) = j**3 - 2*j. Let v be c(2). Suppose -v*o + 18935 = 3*o. Is o a prime number?
False
Let f(k) = k**2 - 26*k + 66. Suppose 8*n + 14*n = 814. Is f(n) a prime number?
False
Let h = 109932 - 41365. Is h composite?
False
Suppose 9*i - 60 = 3*i. Let y(x) be the third derivative of 49*x**4/12 - 3*x**3/2 - 2*x**2. Is y(i) prime?
True
Is 1 + (((-48)/88)/6 - 11976054/(-22)) a composite number?
False
Let p be (13 - 3)/(3/(-5) - -1). Let b = 0 + p. Is (3985/b)/(5/25) prime?
True
Suppose -5*n + 33 = 2*x, -4*n - x + 28 - 1 = 0. Let p(i) = 80*i**2 + 24*i - 10. Is p(n) a composite number?
True
Suppose -y + 1 = -0*b - 5*b, -2*y = 2*b - 14. Let g(l) = 7*l + y - 17 - 19. Is g(19) a composite number?
False
Let q = -74 - -137. Let u = q - 63. Is 404 + (1 - u) + -2 a composite number?
True
Suppose -3*g = 2*g - 1028340. Let l = g - 133547. Is l composite?
True
Let s = -39 + 65. Suppose s*h = -6*h + 421088. Is h a prime number?
True
Let u = -538493 + 791208. Is u composite?
True
Suppose -3799683 + 1152540 = -0*x - 9*x. Is x a composite number?
False
Let x = -2212 - -7644. Suppose -3*r + 2165 = 2*m, 12*m - 7*m + r = x. Is m a prime number?
True
Let h be 110/3*126/(-7). Let m = 3049 - h. Is m prime?
True
Let o = 19 - 22. Suppose 3*d - 5732 = -b, 7*b - 4*b + 3 = 0. Is d/(-14)*2/o composite?
True
Let w(i) = 2886*i**2 - i - 1. Let l be w(4). Suppose -5*v - 13176 = -l. Is v a composite number?
False
Let g be (-10)/(-4)*2004/15. Let k = -29 + g. Suppose k + 1224 = h. Is h composite?
True
Suppose 5*k = 1948*q - 1951*q + 1096188, -q - 3*k = -365384. Is q prime?
True
Suppose -5*q + 5*a = -17 - 18, -20 = 4*a. Is q - (-3250 + 5) - 0 a prime number?
False
Suppose 0 = -2*p + 47 + 7. Suppose -20310 = -p*c + 20811. Is c composite?
False
Let t be (5 + -1024)/((-1)/3). Suppose 3*a + c - t = -326, -c + 3640 = 4*a. Let o = a + -536. Is o composite?
False
Let o = 461 + -454. Let q(v) = 572*v - 47. Is q(o) a prime number?
False
Let s be 3 - -1 - (1 - (-2)/(-2)). Suppose 0 = 12*k - 32 - s. Suppose -k*z + 1651 + 656 = 0. Is z a prime number?
True
Suppose -5*h = -6*j + j - 54130, 2*j + 54139 = 5*h. Suppose 10*t - h = -3159. Is t prime?
False
Suppose f + 10*f - 4797138 = 5*f. Is f composite?
False
Let j = -4775 - -9134. Is j + (-6 + 4 - 0) composite?
False
Suppose -55183 = 13*j - 2598620. Is j composite?
True
Suppose -62029 = -2*n + 5*c, n - 3*c - 13131 - 17885 = 0. Is n a prime number?
False
Let l be 1 + (-2)/2 - 115/(-23). Suppose l*m + 3*k = 903 + 349, m - 253 = 2*k. Is m prime?
True
Suppose 62*t = -711464 + 11673746. Is t composite?
True
Let j = 71 + -51. Let f(r) = r**3 - 18*r**2 - 7*r - 29. Is f(j) a prime number?
True
Let l be -2 - (27/(-3) + 4). Suppose -3*t = -0*p + p - 4414, 4*t = l*p - 13307. Suppose -2*z + 1772 = -j, -4*j + j - p = -5*z. Is z a composite number?
False
Suppose 78 - 94 = 2*j. Let s(o) = -84*o + 199. Is s(j) composite?
True
Let w = 300131 + -142170. Is w prime?
False
Let a(c) = -c**3 + 14*c**2 - 14*c + 8. Let g be a(13). Let d be (-1)/(3/351) + 5/g. Let z = d + 297. Is z composite?
False
Suppose -54 = 9*q, 742843 - 255512 = 5*b + 4*q. Is b composite?
True
Let s(p) = -p**3 - 15*p**2 - 13*p + 12. Suppose -5*h - i - 31 - 39 = 0, -4*i + 42 = -3*h. Let d be s(h). Let m(y) = 855*y**2 + 1. Is m(d) a composite number?
True
Suppose 0 = -4*v - 0*v + 40. Let i(a) = 1023*a**2 - a + 2. Let s be i(-4). Is (-8)/20 + s/v prime?
True
Suppose 0 = -370*t + 315*t + 21120935. Is t prime?
True
Is -5 - (-111952)/64 - 3/(-4) composite?
True
Suppose 13*j + 227 = 45. Let w(p) = 4*p**3 - 2*p - 5*p**3 + 0*p**2 + 33 + p**2 - 6*p. Is w(j) composite?
Tru